4 + 2.
-93
What is 42 - 47 - (6 - (23 - 6)) - -11?
17
Calculate 6 - 15 - (0 + -9 - ((-22 - -2) + 3)).
-17
What is -2 + (0 - (36 + -36 - (0 - 4))) + -34?
-40
What is 0 + 6 + 293 + -317?
-18
What is the value of ((-7 - 2) + 1 - (0 - 1)) + 258566 + -258689?
-130
What is (-12 - -8 - (-22 + 7)) + 0 + -50?
-39
Calculate -2 + 1 + (-1 - 2) - (-57 + 44) - 39.
-30
12 + -35 + -67 + 53
-37
120 + (-20 - 14 - 28)
58
664 + -683 - (1 - -2)
-22
-38 + (44 - (-12 - -3))
15
What is -1 + 2 + 4 + (12 - (-164 + 221))?
-40
(114 - 99) + (0 - (49 - (-5 - -2)))
-37
Calculate (1 + 4 - 9 - -80) + (26 - 67) + 52.
87
What is the value of (-25 + -5 - (75 + -60)) + 14?
-31
Evaluate (-34 - (36 + -49)) + 61.
40
Evaluate -63 + -1 + (11 - (13 + -20)) + -6.
-52
(-17 - -17) + -23 + 36 - 33
-20
Calculate 15 + -19 - (-1 + 13) - (123 - 48).
-91
-20 + -3 + -30 + 112 + -24
35
Calculate 22 - (24 + (-6 - 36)).
40
Calculate ((-27 - 1) + (293 - 263) - (0 + 106)) + 5.
-99
Calculate (-3214 - -3239) + (-80 - 0).
-55
What is the value of -45 + 48 + (2 - -1) + 0 + 385 + -394?
-3
Evaluate (-5 - 0) + (6 - (-12 - -16)) + -2 + -4.
-9
Evaluate (-11 + 3 + 3 - 40) + (12 + -8 - 3).
-44
Evaluate -28 - -18 - -5 - -28 - -18.
41
Evaluate 8 + 6 + -5 + (-10 + 36 - 65).
-30
What is (-5 - -1) + (-12 - (-3 - 7)) + 14 + 0?
8
Calculate -46 - (-17 + (-20 - -34) + 26).
-69
What is -5 + (-29 + 7 - -63) + -17?
19
What is the value of 21 - 1 - (-23 + (30 - 6))?
19
What is the value of (28 + -21 + 8 - 6) + 33?
42
0 - 17 - (-21 - (-58 - 26))
-80
What is the value of 6 - ((-11 - (14 - (5 - -6))) + (-34 - 23))?
77
What is the value of 23 + 56 - 64 - -62?
77
Evaluate -69 + 99 - (-11 + 17).
24
Evaluate (-11 - (-1 + (-6 + -4 + -3 - -7))) + -9.
-13
What is 0 - 4 - (10 + -3 + (83 - 136))?
42
6 + -19 - -78 - (-16 + 0)
81
What is the value of 36 - (77 + -93 - (0 - 32))?
20
Calculate 55 + 37 + -92 - (1 + -26 + (4 - 6)).
27
Calculate 2 + 2 + (53 - (20 + -11)).
48
(-73 - -4) + -59 + 91
-37
What is (-23 + 19 - ((-1 - 1) + 2)) + (8 - -5)?
9
Calculate (2 - 11) + 39 + (-2 - -12).
40
Evaluate -83 + (28 - -6) + (-10 - ((4 - 6) + -1)).
-56
-2507 - -2587 - (124 - -1)
-45
Evaluate (-89 - -221) + -92 + -92.
-52
-10 + (10 + 22 - 32 - (4 - -2))
-16
Evaluate -10 + (11 + -11 + 17 - (-1 + 19)).
-11
-8 + 2 + (30 - (-21 - -35))
10
Calculate (-9 + (-15 - -30) - 19) + 27 + -96.
-82
Evaluate (-1 - 9 - (12 + (14 - 0))) + (-4 - -11).
-29
What is 0 - (7 + -12) - (11 + -2 - -16)?
-20
-22 - (47 + -26 + -10 + -23)
-10
-23 + -33 + 26 + (9 - -7)
-14
What is the value of 55 + -5 - (-1 + 16 + -1 + -490 + 472)?
54
What is 38 + -24 + 10 - 13 - (7 + -7 + 75)?
-64
Calculate (7008 - 7050) + (-1 + 2 - -72).
31
What is the value of (9 - (-86 - -97 - (1 + 6))) + -4?
1
What is the value of -14 + -2 + (17 - ((11 - 1) + 1)) + -4?
-14
Calculate (-1 - 43) + -1340 + 1399.
15
Calculate 14 - (-2 - (6 - 9)) - -1.
14
(20 - -4) + -21 - (8 + 1) - (-11 - -1)
4
Evaluate (18 - 32) + -8 - -41 - 36.
-17
What is the value of -137 - (-138 + 127 + (15 - 30))?
-111
What is -85 - (-43 + 25 - 30)?
-37
-86 + 63 - (12 + -3 - 7)
-25
What is (1 + -6 - (-20 + (1 - -9) + 14)) + -72?
-81
Calculate -8 + (16 - 20) + (10 - -4 - 7).
-5
What is -1 + -4 + -14 - (226 - 280)?
35
What is (-2 - 48) + -28 + 23 - (-4 - -1)?
-52
Calculate -3 - -31 - (80 - -9).
-61
Evaluate -1 + (7 - -9) + (1 - 6) + -7 + -73.
-70
Evaluate -11 + (-56 - -111) - 92.
-48
Evaluate (32 - 17) + (8 - ((-13 - -9) + 1)).
26
What is -65 + 57 + -105 + 67?
-46
-7 + (-55 - -54 - (7 + 1) - -12)
-4
What is (-74 - -5) + 48 - (-2 + 4 + 25)?
-48
Calculate -107 - (74 + -122) - -136.
77
Calculate 8 - (7 + -7 - -19 - 10).
-1
Evaluate 6 + (-31 - (-55 + -15)).
45
What is the value of 22 + -4 + 19 + 38 + -6?
69
Evaluate (-77 + 143 - 25) + 16.
57
Evaluate -1090 + 1102 - (-51 + 5).
58
Evaluate 110 + -116 - -139 - 9.
124
Evaluate -44 - -1 - (-5 + (-3 - -10) + 3 - 10).
-38
What is -3 + -2 + 1 + 4 + (102 - 35) + -29?
38
Calculate (1 - 52) + (6 - 11 - -22 - 9).
-43
What is (21 - 9) + -3 + -17 + 6 + -7 + 3?
-6
Calculate -6 - (-9 - -1) - (34 - 15 - 10).
-7
Evaluate 109 - 83 - (0 - 2 - (-7 + 14)).
35
Calculate 20 - (19 - (36 + -42 + -10)).
-15
Calculate 27 - (39 + -31 + 0 + (-5 - -4)).
20
What is (1 - ((-1 - -6) + (-9 - -2))) + -12?
-9
Calculate 40 + -38 + -5 - -19.
16
What is 16 + (-17 + 33 - 25) - -31?
38
What is the value of (-21 - -116 - 9) + 9 + -3?
92
Calculate 89 + (-96 - 43) + 136.
86
-71 + (104 - (9 - 55))
79
What is the value of 58 - 67 - (-9 - -48)?
-48
Evaluate (-23 - (-41 + 41)) + (1 - 16).
-38
What is -4 + 21 + -137 + 131?
11
Evaluate (-12 - -7) + 11 + 58 + -166 + 171.
69
Calculate -32 + (-1 - -34) - (-62 - -2).
61
Evaluate 26 + (24 - 34) + -43.
-27
Evaluate 2 - -19 - (-93 + 108) - (-77 + (-5 - -6)).
82
What is the value of 39 - (-19 - (-63 - 37))?
-42
What is (111 + -55 - 37) + -56?
-37
(-105 - -6 - 2) + (585 - 564)
-80
Evaluate (10 + (-3 - -6) - 7 - 8) + 0 + 83.
81
-784 + 792 - (-66 + 0)
74
Calculate -34 + (0 - -8 - -1 - (-39 + 49)).
-35
Evaluate 4 + -5 + 59 + -6 - ((-23 - -12) + 6).
57
What is 6 + 3 + (-1 - 10) + -38 + (7 - 18)?
-51
What is (61 + 133 - 215) + -1 + 2 + -38?
-58
(31 - 27 - (-24 + 3 + -5)) + -8
22
What is the value of 61 - (-321 + 337 + -1 + -9 + 1)?
54
What is the value of (-9 - (1 + 3 + (80 - 92))) + 29 + 0?
28
Calculate -67 - -61 - (-1 + -7 + -9).
11
Evaluate 0 + -15 + (-408 - -487) + -1 + -17 + -9.
37
Evaluate -10 + 63 - 2 - (-7 - (-5 + -10)).
43
What is -62 + (9 - (25 - -26))?
-104
What is (-96 - (-111 + -24)) + 1?
40
What is the value of 0 + 1 + -3 - (-18 - (9 + -23)) - -32?
34
0 + (-113 - -199) + 8
94
What is the value of (1258 - 1293) + (-2 - 0) + -2?
-39
Calculate 1 + 8 - (-15 - (-24 - (33 - 67))).
34
What is the value of 0 + (-14 - (28 - 31)) + 69 + -11 + 2?
49
What is the value of (16 - (0 - 0) - (-400 + 410)) + (-2 - -70)?
74
Calculate 25 + (-1 - 1) + (31 + -3 - -14 - 29).
36
What is (-2751 - -2668) + (178 - -4)?
99
What is (-25 - -23) + 46 - -4?
48
What is the value of 1 + -53 + -56 + 14 + 18?
-76
What is the value of -1 + 2 + (-37 - -60)?
24
Calculate -1 + -35 - (170 + -166 + -94).
54
24 + (-52 + 2 - (-18 + -7))
-1
What is 16 - (-2 - (-66 + 4 + 3))?
-41
Evaluate 31 - (27 + -17) - 57.
-36
-22 + -12 + -17 + 36
-15
36 - (-2 + (-14 - 7) + 21)
38
Evaluate (-14 - (-3 - 13)) + -6 - 3.
-7
(13 + -23 - -2) + -63 + 13
-58
Calculate 163 - (-22 + 282 + -150).
53
(13 - 2) + 1 + 14 + (-560 - -508)
-26
Calculate -121 + -1 - (-14 + 4 + (-44 - -43)).
-111
What is the value of -13 + -4 + 20 + 29 + -133?
-101
Calculate (24 + 4 - 9) + -69 + 78.
28
-22 + -7 + -10 + -14 - (2 - -3)
-58
What is the value of 7 + (-36 - (-112 - (-14 - -17)))?
86
38 + (-45 - 34) - (8 + 36)
-85
(-28 + -2 - 0) + -36 + 100 + -79 + 26
-19
What is -1571 + 1566 + -1 + (-2 - (1 + 0) - 11)?
-20
Evaluate -18 - (-70 - (-3 - (-4 + 10))).
43
-6 + (1 - -1) + 13 + -12 + (-136 - -108)
-31
What is the value of (-10 + 21 + -9 - -7) + (6 - 4 - 125)?
-114
What is -43 - (38 - (10 - -92))?
21
What is 0 - (2 - 2) - (449 + -411)?
-38
-257 + 256 + -1 + -2 + (48 - 1)
43
Calculate -206 + 203 - (-3 - (-1 - 7) - -1) - 13.
-22
What is the value of (-4 - (-6 + 10) - (43 + -51)) + 56?
56
21 + (1 - -9) + -20 - (78 - 1)
-66
37 - (97 - 31) - (-10 - 90)
71
Evaluate (0 - -89) + (-1776 - -1816 - (26 + 0)).
103
Calculate 0 + (0 - 0) + -37 - (734 + -730).
-41
What is the value of -4 + 7 + 5 + -8 - -13?
13
What is 1 + -10 + (10 - (11 + -12)) - 13 - 124?
-135
What is (-5 + (1 + 2 - 1) - (-1741 - -1725)) + 8?
21
Calculate 735 + -705 - (1 + (2 - 29)).
56
(-12989 - -13072) + -221 + -1
-139
81 + -46 + -44 + 127 - (17 + 1)
100
Calculate 4 + (3 - 3) + (4 + -1 - (64 + -58)).
1
-99 - (-41 - -53) - -185
74
What is the value of -1 + -1 - -106 - (-5752 - -5777)?
79
Calculate -12 + (-404 + 388 - (67 + 2)).
-97
Evaluate -62 + 5 + 25 + 26.
-6
Evaluate (-1 + 3 - (26 - 10)) + 14.
0
Evaluate -41 + 69 + (-21 - 21).
-14
Calculate (-1 - (1 - -3)) + (10 - 1 - (-64 - -40)).
28
What is the value of (7 + 0 - 0) + (34 - 31) + -13?
-3
What is the value of -2 + (14 - (-3 + -4) - -35)?
54
What is 25 - (56 + -8 + -27)?
4
Evaluate 314 - (-60 + 357) - (0 + (0 - 12)).
29
What is the value of 12 - (-19 + 31 + -43)?
43
(85 - 0 - 2) + (-64 - (-80 + -2))
101
Calculate -110 + 107 - (33 + -1 + 0).
-35
What is the value of (-1 - 8) + 25